inder when (-416)/(-9) - (-6)/(-27) is divided by w.
14
Let z = -11 - -19. Suppose 1930 = 26*i + 292. What is the remainder when i is divided by z?
7
Let g = -143 + 461. Suppose -3*l - 66 = -g. Let m = l - 67. Calculate the remainder when 47 is divided by m.
13
Let i = -884 - -720. Let x = i - -178. Calculate the remainder when x is divided by 7.
0
Let u(d) = 2*d**3 + 63*d**2 - 42*d - 81. Calculate the remainder when u(-31) is divided by 156.
154
Let c(t) = 4*t**2 - 37*t + 69. What is the remainder when 1018 is divided by c(9)?
58
Let f(k) = -3*k**2 + 31*k + 27. Let o be f(11). Suppose u = 2*q + o, 3*u - 6*u + 20 = -5*q. Calculate the remainder when 103 is divided by u.
13
Let y(p) = -61*p - 4787. What is the remainder when y(-87) is divided by 121?
36
What is the remainder when 664 is divided by 51/(-153) - 992/(-6)?
4
Let j(a) = 2*a**3 + 3*a**2 - 8*a + 3. Let q be j(3). Suppose -q = -27*s + 25*s. Let p = s - 6. What is the remainder when 143 is divided by p?
23
Let j(m) = 5*m**3 + 2*m**2 - 6*m - 6. Let l be j(-4). Let i be l/(-21) + (-1)/(-7). Suppose -56 = 6*c - i*c. What is the remainder when 14 is divided by c?
6
Suppose 12*n + 6 = 66. What is the remainder when ((-30)/(-20))/(n/530) is divided by 28?
19
Let j(r) = 2*r**3 - 45*r**2 + 195*r + 41. What is the remainder when j(18) is divided by 22?
19
Let j(v) = v**2 - v - 1. Let x = -120 + 118. Let q be j(x). Suppose 0 = 10*w - q*w - 595. Calculate the remainder when w is divided by 61.
58
Suppose 5*h = 20, 4*f - 6*h + 3*h + 516 = 0. Let p = f + 136. Calculate the remainder when 16 is divided by p.
6
Suppose 10 = 2*n + 3*n. Suppose 416 = n*g - 2*c, 0 = -g - 2*c + 175 + 18. What is the remainder when (g/(-21))/((-1)/3) is divided by 16?
13
Let z = -30 - -36. Suppose 6447 = z*n + 15*n. Calculate the remainder when n is divided by 31.
28
Let i = -439 - -480. What is the remainder when i is divided by (48/(-10))/((-3)/20)?
9
Let r = 23 + -12. Let y(k) = -k**3 + 3*k**2 + 11*k - 3. Let z = -92 + 97. Calculate the remainder when r is divided by y(z).
1
Calculate the remainder when (-145)/((352/372)/22*3/(-8)) is divided by 111.
110
Suppose l - 5*l = 3*o - 236, 5*o = 3*l - 177. Let s = -296 + 766. What is the remainder when s is divided by l?
57
Let z(f) = -6*f + 9. Let m be z(8). Let x = m + 42. Suppose -2*g - x*g = -65. What is the remainder when 64 is divided by g?
12
Let l be (4/(-4))/(3/69). Calculate the remainder when 80 is divided by 1 - l - (5 - -1).
8
Calculate the remainder when 1355 is divided by (-16)/64 - 2/(16/(-162)).
15
Suppose -k - 72 + 97 = 2*a, 0 = -a + k + 11. Calculate the remainder when 3881 is divided by a.
5
Let p(w) = w**2 - 4*w + 8. Let c be (-6)/9*(-14 + 2). What is the remainder when p(c) is divided by (2/(-2))/((-35)/385)?
7
Let d = 1091 + -976. What is the remainder when d is divided by 35?
10
Let l = 4586 - 4577. Calculate the remainder when 56 is divided by l.
2
Calculate the remainder when 3*(-1)/(-2) - 14/(28/(-1009)) is divided by 65.
51
Let r = -886 - -902. Suppose -r*i + 31*i = 3015. What is the remainder when i is divided by 73?
55
Calculate the remainder when 128/40 - 2 - (-1379)/5 is divided by 35.
32
Let d(h) = h**3 + 4*h**2 - 4*h + 5. Suppose 3*w - 2*g - 9 = 0, 2*g + 10 = w + 7. Calculate the remainder when d(w) is divided by 26.
4
Let y(t) be the first derivative of t**3/3 - 13*t**2/2 + 33*t - 460. Suppose -5*c = -3*c - 8. What is the remainder when y(11) is divided by c?
3
Let l be 4*8*(-8)/(-64). Suppose -3*w - 2 + 5 = 0, l*a + w - 61 = 0. What is the remainder when 43 is divided by a?
13
Let z = -25036 - -25429. What is the remainder when z is divided by 10?
3
Let l be (2/(-6))/(2/(-282)) - -1. Let i = 56 - l. What is the remainder when (1/2)/(i/480) is divided by 16?
14
Suppose -4*d + 7*d - 3*a - 12 = 0, 2*a = 5*d - 14. Suppose 0 = -d*s - t + 31, -3*s - t + 5*t = -63. Calculate the remainder when 660 is divided by s.
14
Let n(q) = -q**3 - 17*q**2 - 19*q - 39. Let k be n(-16). Suppose -310 - 1355 = -k*j. Calculate the remainder when j is divided by 17.
15
Let t = -319 + 345. Suppose 3*m - t*h - 206 = -21*h, 78 = m - 4*h. What is the remainder when 244 is divided by m?
58
Suppose -6*y = -35 - 37. Suppose 4*w = w + 72. What is the remainder when w is divided by 1 + 5 - (y/(-2) + 3)?
6
Let c(d) = -32*d**2 - 12*d - 16. Let j be c(-5). Let l be 4/26 + j/182. Let h(k) = -k**3 + 7*k**2 + 9*k + 9. Calculate the remainder when h(l) is divided by 38.
35
Let v = 22 + -22. Suppose -3*r + v*r = -126. Suppose -2*y = -r + 14. Calculate the remainder when y is divided by 5.
4
Let f(h) = -6*h**3 + 2*h**2 - 51*h - 133. Calculate the remainder when 806 is divided by f(-3).
6
Let a = 627 - 1023. What is the remainder when 60 is divided by ((-128)/6)/(11/(a/24))?
28
Let p(g) = g**3 + 8*g**2 - 4*g - 12. Let d be p(-8). Suppose -5*k = -d*h + 15*h + 115, k + 101 = 4*h. What is the remainder when 112 is divided by h?
8
Let y be 7/(-8)*(-16 + 8). Suppose u = 3*x - 97, -4*x + u + 121 + y = 0. What is the remainder when 111 is divided by x?
18
Let w = -262 - -412. Suppose -w = -86*x + 76*x. Calculate the remainder when 522 is divided by x.
12
Let u(w) = -2*w**3 + w**2 + 2*w + 4. Let m be u(-7). Suppose -2*g = -7*g + m. Calculate the remainder when g is divided by 25.
20
Suppose 9*n - 4*n + 5 = -x, 4*n - 25 = 5*x. Let s be n/1 - (-2 + (-35)/(-5)). Let u(l) = 3*l + 22. Calculate the remainder when 20 is divided by u(s).
6
Suppose 2*j = 1009*k - 1010*k + 988, 0 = -4*j. Calculate the remainder when k is divided by 58.
2
Calculate the remainder when 0/(-2) + (-16620)/(100/(-10)) is divided by 139.
133
Let o(w) = 2*w**2 + 6*w - 452. Calculate the remainder when o(-23) is divided by 205.
58
Suppose 0 = 2*y + i - 7948, 26*i - 15892 = -4*y + 22*i. Calculate the remainder when y is divided by 8.
7
Suppose -255 = -19*i + 14*i. Suppose 3*m - 5*c = 5*m - i, 3*m + 5*c - 74 = 0. What is the remainder when 109 is divided by m?
17
Let u(t) = 53*t**3 - 10*t**2 + 25*t - 9. What is the remainder when u(5) is divided by 43?
41
Suppose 180*h + 3*n = 182*h - 22278, -4*h - n = -44500. Calculate the remainder when h is divided by 21.
18
Let b = -262 + 251. Let p(q) = -8*q - 26. What is the remainder when p(b) is divided by 48?
14
Suppose 0 = 4*u - 2*s - 340, u + 4*s = -4*u + 438. Suppose 56 = -w - 4*i, -w - 246 = 3*w + 5*i. Let n = u + w. What is the remainder when n is divided by 12?
10
Suppose -4*r + 3*s + 1124 = 0, 3*s - 7 - 591 = -2*r. Calculate the remainder when r is divided by 16.
15
Suppose 0 = -64*f + 556484 - 548996. What is the remainder when (-2)/4 - 1394/(-4) is divided by f?
114
Let k be 9/2*322/(-21). Let y = k - -127. What is the remainder when y is divided by 10?
8
Suppose s + 257 = 293. Calculate the remainder when (s/45)/((-4)/(-10)) - -65 is divided by (-1 + 4)*85/15.
16
Suppose x - 12 = 13. What is the remainder when (47 + (-3213)/42)*-2 is divided by x?
9
Let d(t) = 28*t - 4. Let o be d(12). Let h = o - 327. Calculate the remainder when 72 is divided by h.
2
Suppose 69*l - 10 = 64*l. Suppose l*d = 5*t + 629, -5 = 5*t + 20. What is the remainder when d is divided by 16?
14
Let z(c) = -c**3 + 10*c**2 - 3*c + 4. Let g(y) = y**2 - 524*y - 1571. What is the remainder when z(4) is divided by g(-3)?
8
Let k = 530 + -263. Suppose 0 = -4*g - 39 + k. Suppose 3*q - 52 = -i, -i + 0*q = 2*q - g. Calculate the remainder when i is divided by 34.
33
Let k be (-36 - -10)/(1 + (-33)/34). Let n = -544 - k. Calculate the remainder when n is divided by 23.
18
Let b(r) = -r**2 - 5*r + 11. Let i be b(-6). Suppose 3*z + i = -5*g, 3*g = 2*z + 7*g + 6. Calculate the remainder when 42 is divided by z.
2
Let a be 52/6 - 3/(-9). Let p(w) be the third derivative of -w**5/60 + 3*w**4/8 + 4*w**3/3 - 3*w**2. Calculate the remainder when 37 is divided by p(a).
5
Let o(y) = y**3 - y**2 + 4*y + 7. Let q = 16 + -11. Calculate the remainder when o(q) is divided by 6/4*18 + 6.
28
Suppose g + g = 156. Let h(o) = -93*o - 1031. Let t be h(-11). What is the remainder when 25 is divided by 17/68 - g/t?
5
Let f = 2715 - 2443. Calculate the remainder when f is divided by 38.
6
Calculate the remainder when 1615 is divided by 227*(-144)/(-108)*(-12)/(-16).
26
Let r(h) = 24*h - 44. Let k = 41 - 34. What is the remainder when 